{"id":381,"date":"2021-04-09T10:27:00","date_gmt":"2021-04-09T10:27:00","guid":{"rendered":"https:\/\/biolix.at\/?page_id=381"},"modified":"2025-05-05T15:49:53","modified_gmt":"2025-05-05T15:49:53","slug":"datenschutz","status":"publish","type":"page","link":"https:\/\/biolix.at\/?page_id=381","title":{"rendered":"DATENSCHUTZ"},"content":{"rendered":"<article id=\"post-159\">\n<h1 data-fontsize=\"32\" data-lineheight=\"44.8px\" style=\"text-align: left;\">Datenschutzerkl\u00e4rung<\/h1>\n<p data-start=\"532\" data-end=\"871\" class=\"\"><strong data-start=\"532\" data-end=\"558\">1. Allgemeine Hinweise<\/strong><br data-start=\"558\" data-end=\"561\" \/>Der Schutz Ihrer pers\u00f6nlichen Daten ist uns ein besonderes Anliegen. Wir verarbeiten Ihre Daten daher ausschlie\u00dflich auf Grundlage der gesetzlichen Bestimmungen (DSGVO, TKG 2003). In dieser Datenschutzinformation informieren wir Sie \u00fcber die wichtigsten Aspekte der Datenverarbeitung im Rahmen unserer Website.<\/p>\n<p data-start=\"873\" data-end=\"1156\" class=\"\"><strong data-start=\"873\" data-end=\"895\">2. Kontakt mit uns<\/strong><br data-start=\"895\" data-end=\"898\" \/>Wenn Sie per Formular auf der Website oder per E-Mail Kontakt mit uns aufnehmen, werden Ihre angegebenen Daten zwecks Bearbeitung der Anfrage und f\u00fcr den Fall von Anschlussfragen bei uns gespeichert. Diese Daten geben wir nicht ohne Ihre Einwilligung weiter.<\/p>\n<p data-start=\"1158\" data-end=\"1710\" class=\"\"><strong data-start=\"1158\" data-end=\"1212\">3. Datenspeicherung im Rahmen von Angebotsanfragen<\/strong><br data-start=\"1212\" data-end=\"1215\" \/>Im Fall einer Angebotsanfrage (z.\u202fB. f\u00fcr eine Photovoltaikanlage oder E-Mobilit\u00e4tsl\u00f6sung) speichern wir folgende Daten zur Bearbeitung: Name, Adresse, Telefonnummer, E-Mail-Adresse, Standortdaten (z.\u202fB. zur Ermittlung des Anlagenpotentials) sowie alle projektrelevanten Angaben. Diese Daten werden ohne Ihre ausdr\u00fcckliche Zustimmung nicht an Dritte weitergegeben \u2013 ausgenommen sind \u00dcbermittlungen an unsere Partnerbetriebe zur Erf\u00fcllung Ihrer Anfrage (z.\u202fB. f\u00fcr Montage, Planung oder F\u00f6rderung).<\/p>\n<p data-start=\"1712\" data-end=\"2122\" class=\"\"><strong data-start=\"1712\" data-end=\"1726\">4. Cookies<\/strong><br data-start=\"1726\" data-end=\"1729\" \/>Unsere Website verwendet Cookies, um die Nutzerfreundlichkeit zu verbessern. Einige Cookies bleiben auf Ihrem Endger\u00e4t gespeichert, bis Sie diese l\u00f6schen. Sie erm\u00f6glichen es uns, Ihren Browser beim n\u00e4chsten Besuch wiederzuerkennen. Wenn Sie dies nicht w\u00fcnschen, k\u00f6nnen Sie Ihren Browser so einrichten, dass er Sie \u00fcber das Setzen von Cookies informiert und Sie dies nur im Einzelfall erlauben.<\/p>\n<p data-start=\"2124\" data-end=\"2674\" class=\"\"><strong data-start=\"2124\" data-end=\"2161\">5. Web-Analyse \/ Google Analytics<\/strong><br data-start=\"2161\" data-end=\"2164\" \/>Unsere Website verwendet Funktionen des Webanalysedienstes Google Analytics (Google Inc., USA). Dazu werden Cookies verwendet, die eine Analyse der Benutzung der Website durch Ihre Benutzer erm\u00f6glicht. Die dadurch erzeugten Informationen werden auf den Server von Google \u00fcbertragen und dort gespeichert. Sie k\u00f6nnen dies verhindern, indem Sie Ihren Browser so einrichten, dass keine Cookies gespeichert werden. Wir haben mit dem Anbieter einen entsprechenden Vertrag zur Auftragsdatenverarbeitung abgeschlossen.<\/p>\n<\/article>\n<p data-start=\"2124\" data-end=\"2674\"><strong data-start=\"3040\" data-end=\"3058\">7. Ihre Rechte<\/strong><br data-start=\"3058\" data-end=\"3061\" \/>Ihnen stehen grunds\u00e4tzlich die Rechte auf Auskunft, Berichtigung, L\u00f6schung, Einschr\u00e4nkung, Daten\u00fcbertragbarkeit, Widerruf und Widerspruch zu. Wenn Sie glauben, dass die Verarbeitung Ihrer Daten gegen das Datenschutzrecht verst\u00f6\u00dft oder Ihre datenschutzrechtlichen Anspr\u00fcche sonst in einer Weise verletzt worden sind, k\u00f6nnen Sie sich bei der Aufsichtsbeh\u00f6rde beschweren. In \u00d6sterreich ist dies die Datenschutzbeh\u00f6rde.<\/p>\n","protected":false},"excerpt":{"rendered":"<p>Datenschutzerkl\u00e4rung 1. Allgemeine HinweiseDer Schutz Ihrer pers\u00f6nlichen Daten ist uns ein besonderes Anliegen. Wir verarbeiten Ihre Daten daher ausschlie\u00dflich auf Grundlage der gesetzlichen Bestimmungen (DSGVO, TKG 2003). In dieser Datenschutzinformation informieren wir Sie \u00fcber die wichtigsten Aspekte der Datenverarbeitung im Rahmen unserer Website. 2. Kontakt mit unsWenn Sie per Formular [&hellip;]<\/p>\n","protected":false},"author":1,"featured_media":385,"parent":0,"menu_order":10,"comment_status":"closed","ping_status":"closed","template":"","meta":{"footnotes":""},"class_list":["post-381","page","type-page","status-publish","has-post-thumbnail","hentry"],"_links":{"self":[{"href":"https:\/\/biolix.at\/index.php?rest_route=\/wp\/v2\/pages\/381","targetHints":{"allow":["GET"]}}],"collection":[{"href":"https:\/\/biolix.at\/index.php?rest_route=\/wp\/v2\/pages"}],"about":[{"href":"https:\/\/biolix.at\/index.php?rest_route=\/wp\/v2\/types\/page"}],"author":[{"embeddable":true,"href":"https:\/\/biolix.at\/index.php?rest_route=\/wp\/v2\/users\/1"}],"replies":[{"embeddable":true,"href":"https:\/\/biolix.at\/index.php?rest_route=%2Fwp%2Fv2%2Fcomments&post=381"}],"version-history":[{"count":4,"href":"https:\/\/biolix.at\/index.php?rest_route=\/wp\/v2\/pages\/381\/revisions"}],"predecessor-version":[{"id":387,"href":"https:\/\/biolix.at\/index.php?rest_route=\/wp\/v2\/pages\/381\/revisions\/387"}],"wp:featuredmedia":[{"embeddable":true,"href":"https:\/\/biolix.at\/index.php?rest_route=\/wp\/v2\/media\/385"}],"wp:attachment":[{"href":"https:\/\/biolix.at\/index.php?rest_route=%2Fwp%2Fv2%2Fmedia&parent=381"}],"curies":[{"name":"wp","href":"https:\/\/api.w.org\/{rel}","templated":true}]}}